22. What is the units digit of h?
9
Suppose 148 = 4*w - k - 56, 0 = -3*w + 3*k + 153. What is the units digit of w?
1
Let q = -7 + -12. Let d = q - -13. What is the units digit of (26/3)/((-4)/d)?
3
Let w = 11 - 15. Let z be (2 - 0)*10/w. Let y(u) = -2*u - 6. What is the units digit of y(z)?
4
Suppose 5*m - 19 + 4 = 0. Suppose -m*z + 54 = 4*v - 2*z, 5*z = -3*v + 49. What is the tens digit of v?
1
Suppose 0 = 2*l - 4*h - 5 - 35, 0 = -l + h + 17. Let b(r) = r**3 - 14*r**2 + 3*r - 18. What is the units digit of b(l)?
4
Let m = 0 - -2. Let w(x) = 2 + x + x - 4. What is the units digit of w(m)?
2
What is the units digit of (-3)/(-15) + 198/10?
0
Let p(b) = -11*b - 3. What is the units digit of p(-9)?
6
Let o = 237 + -108. What is the units digit of o?
9
What is the hundreds digit of ((-23)/2)/(2/(-76))?
4
Let s(v) = 14*v**2 - 12*v - 7. Let y(u) = -5*u**2 + 4*u + 2. Let r(w) = 4*s(w) + 11*y(w). Let z be r(5). What is the units digit of 3 + (z - (-1 - -2))?
1
Let g(z) = -z**3 - 2*z**2 - z + 4. What is the tens digit of g(-6)?
5
Let z = -17 - -28. What is the units digit of z?
1
Let p = 1 - 10. Let q = -9 - p. Suppose 3*n - 10 - 26 = q. What is the units digit of n?
2
Suppose 7*b - 111 = 4*b. What is the tens digit of b?
3
Suppose -67 - 1 = -2*j. What is the units digit of j?
4
Let c(h) = -2*h**2 - 8*h. Let v be c(-5). What is the tens digit of (-16)/(-40) + (-336)/v?
3
Let x = -89 - -164. Suppose 21*l = 18*l + x. What is the tens digit of l?
2
Suppose 2*v - 5*v = 75. What is the units digit of (30/v)/(4/(-30))?
9
Suppose -7 = y + 2. Let g(s) = -2*s - 4. What is the tens digit of g(y)?
1
Let w = 14 + 20. Let q = 15 + w. What is the units digit of q?
9
Let r be (-48)/18*(-6)/4. Suppose -2*l + 38 - 11 = -v, r*v = 4*l - 116. Let p = -20 - v. What is the units digit of p?
1
Suppose -2*f + 8 = -14. What is the units digit of f?
1
Let k(q) = 3*q**2 - 3*q - 9. Let j be k(-4). Let z = -35 + j. What is the units digit of z?
6
Let k = 14 + 11. What is the tens digit of k?
2
Suppose 2*p - 66 = -0*p. What is the tens digit of p?
3
Let h(j) = -71*j**3 + j**2 - j - 1. Suppose 5 = -13*g + 8*g. Let a be h(g). Suppose -o = t - 3 - 14, a = 4*t + 5*o. What is the units digit of t?
3
Suppose -4*z + 2*z = -54. What is the units digit of z?
7
Let d be (2/(-8))/(3/(-36)). Suppose t = -d*i + 63 + 24, 96 = 3*i + 4*t. What is the tens digit of i?
2
Let v(s) be the first derivative of -s**3/3 + 5*s**2/2 + 4*s - 2. Let k be v(5). Suppose -k*a = -2*a - 16. What is the units digit of a?
8
Let i(p) = p**2 + p + 2. Let f be 0/(3/1)*1. Let o be i(f). Suppose 3*a - o*z = 2*z + 8, 0 = -2*a - 4*z + 12. What is the units digit of a?
4
Let b(y) = y**2 - 3*y + 4. Let m = 14 + -5. What is the units digit of b(m)?
8
Let u = -124 - 43. Let f = -443 - u. What is the units digit of f/(-27) + (-2)/9?
0
Let p = -3 + 0. What is the units digit of -7*(-6 - 9/p)?
1
Suppose j = 4*v + 4 + 5, -5*j - 2*v + 23 = 0. Suppose 4*h + 2*q = 4, -h - 2 = -3*h + j*q. What is the units digit of h?
1
Suppose -3*j - 2*j = -80. Suppose -2*t = -6*t + j. Suppose -z = -5*q - 3 + 86, t*q - 74 = -3*z. What is the units digit of q?
7
Suppose -5*f = -4*f + 2. What is the units digit of (2/(-2))/(f/16)?
8
Let h = -20 + 34. Let m = 1 + h. What is the units digit of m?
5
Let i be 5/(-15) - (-2)/6. Suppose i*c = c - 8. What is the units digit of c?
8
Suppose 3*t + 3*k + 15 = 0, 2*t + 15 = -0*t - k. Let l = 4 - t. What is the tens digit of l?
1
Let v be (24 - 0)*1/2. Suppose -l = -v - 12. What is the units digit of (1*-1)/((-4)/l)?
6
Let m(h) = -8*h. Let i be (-1 - -3) + (-3)/3. Let y = i - 2. What is the units digit of m(y)?
8
Suppose -2*b = -5*o - 33, -3*b + 5*o + 31 + 6 = 0. Suppose -4*w = b*j - w - 100, 3*j - 3*w = 54. What is the tens digit of j?
2
Suppose 5*w - 6 - 4 = 0. Let o = -11 + 18. Suppose -t + w*t = o. What is the units digit of t?
7
Suppose 0 = -2*h + 4. Suppose 3*w + w - 10 = -2*a, -a = -h*w + 3. What is the tens digit of (4 + -3)/(w/24)?
1
Let m(u) = 3*u + 1 - 7*u - u. What is the units digit of m(-1)?
6
Let m = -16 - -19. What is the units digit of m?
3
Suppose 2*c - 48 = 4*t, 3*c = -2*c + 4*t + 120. Let w be -1 + 1 + c/4. Let d = w - 3. What is the units digit of d?
3
Let j = 72 - -92. What is the hundreds digit of j?
1
Let b = -65 - -133. What is the units digit of b?
8
Let o(t) = 110*t**2 - t. What is the units digit of o(1)?
9
Suppose -r + 14 = k, 147 = 5*r - 2*k + 42. What is the tens digit of r?
1
Suppose 2*t = -t + 198. What is the tens digit of t?
6
Suppose 3*b - 2*d - 169 - 277 = 0, 298 = 2*b - 2*d. What is the tens digit of b?
4
Suppose -2 = 2*b, 8 = -5*o + b - 11. Let x = 21 + -8. Let p = x + o. What is the units digit of p?
9
Let s = 21 + -19. Suppose -s*f + 56 = -f. What is the tens digit of f?
5
Let q(b) = b**2 - 10*b - 15. Let j be q(11). Let x be (-2 + 1)*(j + 9). What is the tens digit of 22 - 0 - (-5)/x?
2
Let z(l) = -l**3 - l**2 + l + 1. Let p(y) = 9*y**3 + 5*y**2 - 5*y - 2. Let r(c) = -p(c) - 4*z(c). Let m be r(-2). Let w = -19 + m. What is the tens digit of w?
1
Let t(q) = 5*q**3 - 6*q**2 - 2*q - 3. Let v(w) = -6*w**3 + 7*w**2 + 3*w + 4. Let s(y) = 4*t(y) + 3*v(y). What is the units digit of s(2)?
6
Let k be (-31)/(-5) - (-2)/(-10). Let u(q) = -q**2 + 8*q - 5. What is the units digit of u(k)?
7
Let x(z) = z**3 + 2*z + 1 - 4*z - 2*z**3 + 0 + 5*z**2. Suppose -5 = -4*r + 7. What is the tens digit of x(r)?
1
Let y(j) be the second derivative of 5*j**4/6 + j**3/6 - 4*j. Suppose -2 = 3*q + 1. What is the units digit of y(q)?
9
Suppose 3*m - 31 = -5*h, 0*m + 21 = 5*h - 2*m. What is the units digit of 1 + h/(15/9)?
4
Suppose -20 = -3*u + 67. What is the units digit of u?
9
Let j(l) = l**2 - 20*l - 48. What is the tens digit of j(29)?
1
Suppose 0 = f - 10 + 4. What is the units digit of f?
6
Let b = -24 - -45. Let x(u) = u**3 - u + 4. Let k be x(0). Suppose -a - g = -b, 0 = -k*a + 3*g + g + 44. What is the tens digit of a?
1
Let r(d) = 13*d - 1. Let z be r(-8). Let m = z + 159. Suppose -4*o - 2*q + m = 0, 2*q = 3*o + q - 28. What is the tens digit of o?
1
Let t(s) = s + 3. Let o be t(0). Let p be -1*4*(2 - o). What is the units digit of p*(2 - (-1 - -1))?
8
Suppose -3*z + 3*v - 12 = -36, 3*v = -3*z. What is the units digit of z?
4
Let k = -7 + 1. Let p(q) = 0 - 7 - 7*q**2 - 4*q - q**3 - 4*q. What is the units digit of p(k)?
5
What is the units digit of -3*(-4)/(-3) - -13?
9
What is the tens digit of (777/42)/((-2)/(-4))?
3
Suppose -h = -3*z - 4*h + 21, -5*z + h = -65. What is the units digit of z?
2
What is the units digit of -1 - -4*(-4)/(-8)?
1
Let q(a) = -a**2 + 6*a + 1. Let v(s) = -s**2 - 9*s - 3. Let g be v(-6). Let y = g + -10. What is the units digit of q(y)?
6
Suppose -3*k + 2 = -10. Let r = 9 - k. What is the units digit of r?
5
Suppose 0 = o - 7 - 2. Let s(c) = 2*c - 7. Let g be s(o). Suppose 0 = -w + 3*m - 15 + 39, w + 4*m = -g. What is the units digit of w?
9
Let r(q) = -7*q**2 + 5*q - 7. Let k(s) = -s**2 - s. Let f(v) = 5*k(v) - r(v). What is the tens digit of f(6)?
1
Suppose -3*h - 2*h = -90. Let g(o) = -2*o. Let a be g(5). Let s = a + h. What is the units digit of s?
8
Suppose -i + 68 = 2*j, -i - 24 = -j + i. What is the tens digit of j?
3
Let f = 22 - -50. What is the units digit of f?
2
Suppose 13 = r - 5. What is the tens digit of r?
1
Suppose 3*s - 4*b - 48 = 0, 3*s + 3*b = 4*s - 21. Let v be 27/s - 1/4. Suppose -13 = -3*p + 5*l, -2*l - 4 = -v*p + p. What is the units digit of p?
6
Let s(b) = 5*b**2 + 7*b + 5. Let l be s(-5). Suppose 35 + l = 5*f. Suppose 0 = 5*i + f - 66. What is the units digit of i?
8
Suppose 0 = -7*j + 978 + 114. What is the units digit of j?
6
What is the units digit of ((-1 - 6) + 2)*-1?
5
Let l(x) = x**2 + 7*x + 7. What is the tens digit of l(-12)?
6
Suppose 3*p + 2*x - 206 = -2*x, 3*p - 238 = 4*x. What is the tens digit of p?
7
Let n = 5 + 22. Suppose 2*r = 5*x - 34, -5*x + 0*x = 0. Let o = n + r. What is the tens digit of o?
1
What is the tens digit of 4/(-6) - (-336)/18?
1
Let y(q) = -2 + 3 + 2*q + q**2 - 3. Let v = 6 + -10. What is the units digit of y(v)?
6
Let l be ((-48)/56)/(2/(-14)). Let q = l + -1. What is the units digit of q?
5
Let o(k) = k**2 + 6*k + 7. Let l be o(-5). Let j = l - -1. What is the units digit of j?
3
Let f = 10 + -12. What